= a + a**2 - 5*a + 5 + 2. Give v(z).
12
Suppose 13 = 4*q + 5. Let u(s) = 27*s**3 + 1200*s - 1202*s - 26*s**3. What is u(q)?
4
Let w(c) = -c**2 + 6*c - 2. Let g = -8 - -48. Let j be (-1)/(3 - g/12). Let h = j - -1. What is w(h)?
6
Let m(k) be the second derivative of k**5/20 + k**4/2 + k**3/2 - 5*k**2/2 - 114*k. Let o(g) = g**2 - 5*g - 1. Let i be o(4). Give m(i).
5
Suppose -h = 2*g - 61, -2*g + h + 60 - 1 = 0. Let n = g - 27. Let y(r) = -r**3 + 2*r**2 - r + 2. Give y(n).
-10
Let p(t) = 8*t - 3. Let j(d) = 3*d - 1. Let r(g) = 17*j(g) - 6*p(g). Let s be 1 + -1 + (-42)/(-6) + -5. Suppose 2*q + 6 = s. Give r(q).
-5
Let w(f) be the second derivative of f**4/24 + 4*f**3/3 + 4*f**2 - 20*f. Let k(i) be the first derivative of w(i). What is k(-6)?
2
Let w(c) = 5*c**2 + 8*c - 1. Let n(a) = -6*a**2 - 9*a. Let b(v) = 4*n(v) + 5*w(v). Let z(y) = 4*y**2 - 68*y - 63*y + y**3 + 132*y. Let g be z(-4). Give b(g).
-5
Let b = -1 + 1. Suppose b*d - 2*o - 126 = -5*d, -4*d + 112 = 4*o. Suppose -5*c = -2*t - 22, c - d = t - 6*t. Let k(v) = v - 6. Calculate k(c).
0
Let d(j) = 40 + j - 23 - 18 + 4*j**2. Let g = -3 + 0. Let b(k) = -k**2 - 2*k + 1. Let a be b(g). What is d(a)?
13
Let t(i) = i**3 + 4*i**2 - 67 - 5*i + 74 + 2*i. Suppose 0 = -0*o + o - 5. Let h(g) = g**2 - 5*g - 5. Let a be h(o). Determine t(a).
-3
Let v(h) = h**3 - 4*h**2 + h + 2. Let p be v(0). Suppose 8 = p*g - g - 5*s, -3*s = -3*g. Let c(d) = 3*d**3 + 3*d**2 + d + 2. Determine c(g).
-12
Let v = 0 + 4. Let k(x) = -x**3 + 3*x**2 + 5*x - 2. Let f be k(v). Suppose 2*p + 0*g = -g - 4, 5*g = -f*p - 12. Let c(u) = 6*u**2. Calculate c(p).
6
Let v(u) = u - 21 + u - 20 + 27. Determine v(8).
2
Let h(m) = 7*m - 4 - 2*m - 5*m - 4*m. Let f = 1 - 4. Determine h(f).
8
Let l(k) = -4*k**2 - 3*k + 3. Suppose -65*j + 8 = -64*j. Let b(i) = i**2 - 6*i - 14. Let g be b(j). What is l(g)?
-19
Let r(g) = -2*g + 2. Suppose 0 = 343*l - 344*l + 14. Suppose 24 = 2*v + 4*f, 2*v - 3*f - 3 = -l. Determine r(v).
-2
Suppose -3*d + 2 = -d, -4*h + 4*d = 0. Let v be (1/2 - (h + -1))*-10. Let j(z) = -z**3 - 5*z**2 + 1. What is j(v)?
1
Let j(u) = -u**2 + 1 + 4 + 4*u + 0 + 0*u**2. Let m be j(6). Let l = m - -11. Let q(g) = g**2 - 8*g + 6. What is q(l)?
-10
Suppose -4*n - n - 4*w = 10, w + 9 = 2*n. Let h(o) = -1 + 2*o**2 + o + 4 - 21*o**3 - 4*o + 18*o**3. Calculate h(n).
-19
Let m(j) = -j + 6. Let f = 10 - -15. Suppose f = -5*r - 20. Let t = r - -16. What is m(t)?
-1
Let t be (-30)/(-8) - 4/(-16). Let m(s) = 0*s**2 - s**3 + 2*s - t*s + 6 + 10*s**2 - 3*s**2. Let n = -54 + 61. Determine m(n).
-8
Let u(z) = -2*z - 1. Let y(v) = -3*v - 15. Let c be y(-4). Determine u(c).
5
Let p(b) = -10 + 5 + 47*b**2 + 1 - 46*b**2 - 3*b. Let t(o) = o - 10. Let j be t(7). Let h be (j + 1)/((-4)/10). Give p(h).
6
Let q(p) = 111 - 104 + 41*p**2 + 7*p - 40*p**2. What is q(-4)?
-5
Let t(y) = -y**2 - 9*y + 27. Suppose 8*r = -8 - 80. Let c be t(r). Let g(l) = l**3 - 7*l**2 + 7*l. Give g(c).
-15
Let r(l) = 4*l + 6. Let a(t) = 4*t + 9. Let x(s) = -3*a(s) + 4*r(s). Determine x(2).
5
Let o(x) = 5 + x - 12 + 6. Let h(b) = 10*b - 10. Let v(z) = 2*h(z) - 18*o(z). Suppose -3*m = 2*m - 20. What is v(m)?
6
Let k(b) be the third derivative of -b**4/24 + 11*b**3/3 + 512*b**2. Calculate k(12).
10
Let j be ((-2)/3)/(25/(-300)). Let m(h) = -h - 7. Determine m(j).
-15
Let n(w) = -w + 13. Suppose -2*z + 5*q + 41 = 0, -15*z + 91 = -10*z - q. Determine n(z).
-5
Let f(r) be the first derivative of -3/2*r**2 - 4/3*r**3 - 1/4*r**4 - r + 1. Let x = -18 - -15. Determine f(x).
-1
Let x(v) = -2*v - 4. Suppose -2*t + 0 + 8 = 4*r, -5*t + 8 = 4*r. Suppose 0*u + r*u = -8. Calculate x(u).
4
Let y(t) = -2*t**2 + 3*t - 4. Let s(m) = 5*m**2 - 8*m + 12. Let n(i) = -4*s(i) - 11*y(i). Calculate n(3).
11
Let k(d) = -d + 6. Let r be k(2). Let o(m) = 3*m - 2*m - 4 - 2*m + 0*m. Calculate o(r).
-8
Let r(h) = -9*h**2 + 19*h + 1. Let b(u) = 4*u**2 - 10*u. Let p(g) = -7*b(g) - 3*r(g). Determine p(13).
-3
Let u(c) = -c**2 + 3. Let z = 162 + -156. What is u(z)?
-33
Let g(t) = 25*t - 1. Let x(f) = -4*f - 2. Let m(w) = g(w) + 6*x(w). Determine m(8).
-5
Let j be (8/6)/((-6)/(-27)). Let g(q) = -q**2 + 9*q - 7. Let n(s) = 3*s**2 - 26*s + 20. Let p(u) = -11*g(u) - 4*n(u). Calculate p(j).
-9
Let c(y) = y**2 + 5*y + 2. Let z be c(-5). Let h(r) = -5 + 3 - 3*r + 4*r - z*r. Suppose 4*s - 8 + 12 = 0. Calculate h(s).
-1
Let y(z) be the first derivative of -z**2/2 + 6*z - 606. Give y(-14).
20
Let v be ((-42)/(-24))/((-2)/8). Let o = -2 - v. Let z(j) = -1 + 2 + 4*j**2 + 8 - o*j**2. Calculate z(0).
9
Suppose -5 = 5*r, o + 1 = -4*r - 4. Let n(v) = 0 - 4 - 4 + 8*v + 3. Let i(a) = 4*a - 3. Let c(l) = 10*i(l) - 6*n(l). Calculate c(o).
8
Let j(g) = g**2 - 11*g + 9. Let v be (-15)/10*1/2*12. Let b be 8*(-9)/(-16)*(-12)/v. Calculate j(b).
-21
Let i(j) be the first derivative of -j**3/3 - 2*j**2 + j + 184. Give i(-4).
1
Let w(m) = 5*m**3 - 21*m**2 - 11*m + 10. Let g(o) = o**3 - 4*o**2 + o + 1. Let d(l) = -4*g(l) + w(l). Calculate d(7).
-1
Let w(c) = 50*c + 311. Let i be w(-6). Let q(d) = -2*d + 1. Calculate q(i).
-21
Let k(v) = -v**2 - 19*v - 5. Let o be k(-19). Let n be (-4 - o)/(-3 - -2). Let d(h) = 4*h**3 + 2*h**2 - 1. What is d(n)?
-3
Let u(b) = b + 3. Let i(h) be the third derivative of h**4/24 + h**3/6 + 6*h**2. Let z(t) = 3*i(t) - u(t). Give z(1).
2
Let x(a) = -a**3 + 6*a**2 + 3*a - 5. Suppose 0 = -5*s, -6 - 14 = -4*w + 5*s. What is x(w)?
35
Suppose 10 = 9*b + 37. Let n be ((-8)/b - 2) + 8/(-3). Let m(l) = -l - 3. Determine m(n).
-1
Let w be 2/(-4) - (-984)/48. Suppose 26 - w = -3*a. Let o(l) = 2*l + 2 - 4*l + l. Give o(a).
4
Let l(g) = -g**3 - 3*g**2 - 2. Let s be l(-3). Let p = 6 + s. Let q(k) = -4 - 8*k**2 - 2*k + 5*k**2 + p*k**2. Give q(-3).
11
Let o(r) = -r**3 + 117 - 6*r**2 - 245 + 121. Calculate o(-6).
-7
Let o(q) = -13 - 15*q**2 + 54*q - 106*q + 60*q - 2*q**3. Give o(-8).
-13
Suppose -3 = -2*y + y. Let q(k) be the first derivative of -2 - 5/2*k**2 - 1/3*k**y + 0*k. What is q(-5)?
0
Let i(l) = l**3 - 2*l**2 - 4*l - 1. Let u = 65 + -42. Suppose 0*k - 3*g = -3*k - 72, -k = g + 14. Let j = u + k. What is i(j)?
15
Suppose i - t + 4 - 1 = 0, 2*i - 5*t + 18 = 0. Let y be (-3 - -2)*-11*i. Let a(g) = -5*g + g**2 - 7*g + y*g. Give a(-2).
6
Let m(k) be the third derivative of -k**5/60 + k**4/3 - k**3/2 + 25*k**2. Let g = -11 - -16. What is m(g)?
12
Let i(x) = -3*x + 2*x**2 - 3 + 20*x**3 + 4*x**2 - 2*x**2 - 22*x**3. What is i(3)?
-30
Let c(h) = -7*h + 3*h + h**3 - 2*h**3 - 3*h**2 + 4 + h. Suppose 9*f + 177 = 150. Determine c(f).
13
Let x = 5 - 5. Suppose -4*p = -x*p. Let i be p - (1 + 1) - -4. Let t(d) = -d**2 + d + 1. What is t(i)?
-1
Suppose 7*t - 106 = 55. Let o = t - 22. Suppose 0*c + c = o. Let z(g) = 8*g. Calculate z(c).
8
Let h(z) be the first derivative of z**4/4 + 7*z**3/3 - z**2/2 - 7*z + 1. Let j = 6319 + -6326. Give h(j).
0
Let j = 17 + -28. Let n be ((-34)/(-2))/(j - -10). Let l = n + 23. Let m(h) = -h + 5. What is m(l)?
-1
Let g(l) be the first derivative of -l**4/4 + 8*l**3/3 - 9*l**2/2 + 2*l - 529. Determine g(7).
-12
Let k(j) = 5*j - 11. Let t(z) = -4*z + 9. Let l(f) = 3*k(f) + 4*t(f). Let y be (0 - 0)/(-2) + -3. Give l(y).
6
Let l = -10893 - -10882. Let p(t) be the third derivative of -t**6/120 - t**5/6 + 11*t**4/24 - t**3/2 - t**2. Determine p(l).
-3
Suppose 0 = 4*d + 7*d - 737. Let f = d + -66. Let i(j) = -11*j**2 - 2*j + 1. Give i(f).
-12
Suppose -2*f = 2*f - 20. Let q(p) = 50*p - 103*p - 1 + 5 + 51*p. What is q(f)?
-6
Let k(q) be the second derivative of 7/2*q**2 + 1/12*q**4 + 0 + 13*q + 3/2*q**3. Give k(-8).
-1
Let s(q) be the third derivative of q**7/5040 + q**6/240 + 11*q**5/15 - 17*q**2. Let x(k) be the third derivative of s(k). Give x(-6).
-3
Let p(y) = y**2 + 13*y - 20. Let l be 58/(-4) - (91/(-14))/13. Let h be p(l). Let w(f) = f**2 + 4*f - 4. What is w(h)?
8
Let k = 357 - 364. Let z(h) = h**3 + 10*h**2 + 23*h + 17. What is z(k)?
3
Let b(y) be the third derivative of y**4/8 - 5*y**3/2 - 2*y**2 - 677. Give b(0).
-15
Let s(n) = 2*n - 1. Let h be 3 - (-15)/(-3) - -9. Let y be (2 + h)/3 - -5. Suppose -8 = -4*j + y. Give s(j).
7
Let a(r) = -r**3 - 6*r**2 + 2*r - 1. Let s be a(-6). Let u(b) = -b - 8. Let j be u(s). Let w(f) = f**2 - 4*f + 5. Calculate w(j).
10
Let u(z) = -z**3 - 4*z**2 + z - 2. Let s(w) = 6 + 